ommon divisor of 67204164 and 348.
12
Calculate the greatest common factor of 138376 and 65197688.
2824
Calculate the highest common divisor of 126 and 4804562.
14
Calculate the highest common factor of 221030 and 87110.
310
Calculate the highest common factor of 1146 and 680626017.
573
Calculate the highest common factor of 8 and 1950881.
1
Calculate the highest common divisor of 8715398 and 1.
1
What is the greatest common factor of 804 and 2556586?
134
What is the greatest common divisor of 3172 and 331552?
52
Calculate the highest common divisor of 1860 and 5485884.
372
What is the greatest common factor of 1070650 and 24598?
98
What is the highest common factor of 483 and 23513931?
21
Calculate the greatest common factor of 2180983 and 511.
7
Calculate the greatest common factor of 22535994 and 692718.
6474
What is the highest common divisor of 21492 and 23166?
54
What is the greatest common factor of 4669 and 2423617?
203
What is the greatest common factor of 2523430 and 7462?
182
What is the greatest common factor of 21164318 and 42?
14
Calculate the highest common divisor of 473565624 and 12.
12
What is the greatest common factor of 22045648 and 16?
16
What is the highest common factor of 13596 and 1434687?
309
What is the greatest common factor of 1165155548 and 164?
164
Calculate the highest common factor of 3178430 and 1457.
31
Calculate the highest common divisor of 63 and 121107357.
63
Calculate the highest common factor of 50 and 6436875.
25
What is the highest common factor of 84 and 25988214?
42
What is the highest common divisor of 4047095 and 988?
247
Calculate the highest common divisor of 5898 and 840.
6
Calculate the highest common factor of 1012 and 29627036.
92
Calculate the greatest common factor of 261252 and 8496.
2124
Calculate the greatest common factor of 65534022 and 162.
162
Calculate the highest common factor of 192 and 1543420704.
96
Calculate the highest common factor of 8830 and 165440.
10
What is the greatest common factor of 95916 and 564?
12
Calculate the highest common factor of 12 and 35567532.
12
What is the greatest common divisor of 199957 and 10548951?
4877
Calculate the highest common divisor of 8870 and 15650.
10
What is the greatest common factor of 18968532 and 428?
428
Calculate the greatest common factor of 2709752 and 15399.
59
Calculate the greatest common divisor of 79014 and 5616.
78
Calculate the greatest common divisor of 948992845 and 1765.
1765
Calculate the greatest common divisor of 74278360 and 20.
20
Calculate the greatest common divisor of 24 and 309403218.
6
Calculate the highest common factor of 1301184 and 374492.
1004
What is the highest common factor of 14713713 and 315?
63
What is the highest common divisor of 6151520 and 800?
160
Calculate the highest common factor of 29 and 28770523.
29
Calculate the greatest common factor of 5546344 and 4120.
824
Calculate the highest common factor of 290352 and 157872.
1104
Calculate the highest common factor of 580 and 26686960.
580
What is the greatest common factor of 22590 and 27991520?
2510
What is the greatest common divisor of 9 and 558655?
1
Calculate the greatest common divisor of 4226 and 1357575031.
2113
Calculate the greatest common divisor of 43111046 and 44.
22
Calculate the greatest common factor of 84716075 and 100.
25
What is the highest common divisor of 5975 and 53482703?
239
Calculate the greatest common divisor of 192076 and 16109600.
6196
Calculate the greatest common divisor of 780766 and 8951824.
3598
What is the highest common divisor of 146232 and 8676?
36
Calculate the greatest common factor of 1178712975 and 2755.
2755
What is the highest common divisor of 4028560 and 80?
80
What is the highest common divisor of 24 and 89593608?
24
Calculate the highest common factor of 8890713 and 117.
117
What is the greatest common factor of 2350 and 42940325?
25
What is the highest common factor of 9308 and 99547628?
716
Calculate the greatest common divisor of 1904 and 37425296.
272
Calculate the highest common divisor of 2347170 and 1393.
7
Calculate the greatest common factor of 19 and 1706105.
19
What is the greatest common divisor of 472 and 12543105?
59
What is the highest common factor of 225080 and 209854?
662
What is the highest common factor of 46 and 274302439?
23
What is the greatest common factor of 5781 and 353205?
141
What is the greatest common factor of 25487305 and 5?
5
What is the highest common factor of 45 and 32734107?
9
Calculate the highest common factor of 144233439 and 482.
241
Calculate the greatest common factor of 3376805 and 740.
185
Calculate the highest common factor of 476812 and 73192.
28
Calculate the greatest common factor of 105 and 169190.
35
What is the greatest common divisor of 259 and 135833327?
259
Calculate the highest common factor of 259646 and 30.
2
What is the highest common factor of 336 and 11496352?
112
What is the greatest common divisor of 10218496 and 1088?
1088
What is the greatest common factor of 57155 and 852?
71
What is the greatest common divisor of 9501314 and 186?
62
Calculate the greatest common divisor of 258 and 26718738.
258
What is the greatest common divisor of 7659422 and 7018?
58
Calculate the highest common factor of 24780 and 2121.
21
What is the greatest common factor of 12628 and 1837682?
154
Calculate the greatest common divisor of 36952431 and 124404.
4443
What is the greatest common divisor of 316470852 and 3393?
261
What is the greatest common divisor of 13596450 and 805?
805
What is the greatest common factor of 64927324 and 11?
11
Calculate the highest common factor of 270637 and 16637.
127
What is the highest common factor of 3809064 and 24885?
1659
What is the greatest common divisor of 246474436 and 52?
52
What is the highest common divisor of 840318 and 8?
2
Calculate the highest common factor of 700947 and 4563.
351
Calculate the highest common factor of 111 and 666813.
3
What is the greatest common factor of 572 and 17297852?
572
Calculate the greatest common divisor of 33 and 615846891.
33
Calculate the highest common divisor of 26477 and 2246717.
319
What is the greatest common factor of 291 and 152732611?
97
What is the greatest common divisor of 1025 and 528650?
25
What is the highest common factor of 626231 and 8587?
31
Calculate the highest common factor of 6905 and 22205.
5
What is the greatest common divisor of 5355885 and 9095?
535
What is the highest common divisor of 3428 and 1770777964?
3428
Calculate the highest common divisor of 9 and 23950971.
9
Calculate the highest common divisor of 46242 and 215955278.
5138
What is the greatest common factor of 6419 and 255974?
131
What is the highest common factor of 1096272 and 8756936?
2648
What is the greatest common factor of 8757 and 447287127?
2919
Calculate the greatest common factor of 525 and 7272525.
75
Calculate the greatest common factor of 1386 and 269060.
22
Calculate the highest common divisor of 1307421596 and 2756.
2756
What is the greatest common divisor of 10179 and 3566043?
3393
What is the greatest common factor of 19026 and 641628?
18
What is the highest common factor of 183765374 and 78?
26
Calculate the highest common factor of 15361161 and 1002.
501
What is the greatest common factor of 425868 and 36012?
12
Calculate the highest common factor of 2615 and 13321333.
523
Calculate the greatest common factor of 59187 and 1098393.
327
Calculate the greatest common divisor of 8207019 and 786.
393
Calculate the greatest common factor of 368 and 8424164.
92
What is the greatest common factor of 2212251 and 1497813?
6267
What is the greatest common factor of 1647 and 2895182?
61
What is the highest common factor of 9058 and 43498?
14
Calculate the greatest common factor of 11718282 and 195924.
3378
Calculate the greatest common divisor of 8 and 32302472.
8
Calculate the highest common divisor of 34474071 and 1558.
41
What is the highest common divisor of 2646 and 6825544866?
2646
Calculate the greatest common divisor of 6707 and 7546081.
353
What is the greatest common divisor of 480793 and 112281?
2879
Calculate the highest common divisor of 2418728 and 1144.
104
Calculate the highest common divisor of 19943768 and 4940.
988
Calculate the highest common factor of 30